 s(b)?
2
Suppose -3*v + v + 30 = -4*g, -3*g = -2*v + 20. What is the units digit of g/25 + 12/5?
2
Let v = -1 - -9. What is the units digit of v?
8
Suppose 2*p + 4*k + 18 = 7*p, 0 = 3*k + 6. Let u = p - -2. What is the units digit of u?
4
Suppose 294 = 3*z - 3*k, -4*k + 4 + 0 = 0. What is the tens digit of z?
9
Suppose -5*s - t = 3*t + 9, 0 = 3*s + t + 11. Let q be (15/2)/s*2. What is the units digit of 3 + -1 + (q - -2)?
1
Suppose q + s = -0*s + 8, -3*s = -q - 12. Suppose q*w + 0*w = 0. Suppose w = -0*t + 2*t + n - 11, n + 1 = 0. What is the units digit of t?
6
Let v = -3 + 2. Let l(j) = -10*j + 1. Let i be l(v). Suppose 5*x + 2*g - i = 0, -2*g - 1 = x - 0*g. What is the units digit of x?
3
Suppose 3*g - 8*g = -140. What is the units digit of g?
8
What is the units digit of (-1644)/(-33) + 2/11?
0
Suppose -5*r - 53 + 18 = 0. Let w = 12 + r. What is the units digit of w?
5
Let h(o) = -o**2 - o + 1. Let w be h(1). Let k = w + 1. Suppose k - 8 = -4*f. What is the units digit of f?
2
Let o = 11 + -6. What is the units digit of o?
5
Suppose 154 - 44 = 5*r. What is the tens digit of r?
2
Let g(o) = o + 2. Let h be (-2 - -3)*2 + 3. What is the units digit of g(h)?
7
What is the tens digit of 382/18 - 6/27?
2
Let m = 6 - 4. Suppose -o = -m*o + 1. What is the units digit of ((-1)/o)/((-4)/32)?
8
Let g = 276 - 197. What is the units digit of g?
9
Let o(n) = -n**3 + 4*n**2 - 3*n + 3. Suppose 2*h - 6 = -0*h. Let s be (-3)/2*(1 - h). What is the units digit of o(s)?
3
Suppose 2*o - 20 = -3*o. Suppose 15 = o*z + z. What is the units digit of z?
3
Suppose 10 = 4*b + 5*o, -1 + 6 = -b - 5*o. What is the units digit of b?
5
Let q(u) be the second derivative of u**3/2 - 3*u**2/2 + 6*u. What is the units digit of q(2)?
3
Let m be 52/4 - 2/2. Suppose -m = -0*p + 3*p. Let g(c) = -c**2 - 6*c. What is the units digit of g(p)?
8
Let a(t) = t + 74. Let l be a(0). Let r = l + -45. What is the tens digit of r?
2
Let h(c) = c**3 - 4*c**2 + 4*c - 8. What is the units digit of h(6)?
8
Let b(t) = t**2 - 2. Suppose -4*w = 21 - 5. What is the units digit of b(w)?
4
Let z(t) = t**3 + 6*t**2 + 5*t + 4. Let f be z(-5). Suppose 30 = -9*d + f*d. What is the units digit of ((-1)/(-3))/((-2)/d)?
1
Let m(y) = -2*y**3 - 2*y**2 - 2*y + 1. Let q be (-6)/4*2 + 1. What is the tens digit of m(q)?
1
Suppose -s - 72 = -3*s. What is the units digit of s?
6
Suppose -2*x + 8 = -7*v + 3*v, v = -1. Let m be x/(-6)*0*-1. What is the units digit of 8/(2 + m + 0)?
4
Let z = 66 + -15. What is the units digit of z?
1
Let w = 5 + -38. Let t = -13 - w. What is the units digit of t?
0
Let r(v) = 3*v**2 - 2*v - 12. What is the tens digit of r(-5)?
7
Suppose 4*v - 11 = s + 1, 4*v = 16. Suppose -s*g + 7*g = 42. What is the units digit of g?
4
Let y = 16 - -2. What is the tens digit of y?
1
Let f(w) = -w**2 - 2*w - 2. Let o be f(-3). Let c = 2 + -3. Let y = c - o. What is the units digit of y?
4
Let a(k) be the third derivative of k**4/12 - 7*k**3/6 - 3*k**2. Let b be a(6). Suppose z + f = 12, z + 30 = b*z - 2*f. What is the units digit of z?
9
Let g be 6/5*(-15)/(-6). Suppose -5*m - 3*j + j = -14, -g*j = -m + 13. What is the units digit of (3/(1 - m))/(-1)?
1
Suppose -19 + 1 = -3*s. Let q = 9 - s. What is the units digit of q?
3
Let q = 73 + -36. Let s = -25 + q. What is the units digit of s?
2
Let v = 58 - -61. What is the hundreds digit of v?
1
Let m(f) be the third derivative of -f**4/24 - 4*f**2. Let g be m(1). What is the units digit of (-6)/4*6/g?
9
What is the hundreds digit of (-444)/10*(2/3 - 4)?
1
Let u(g) = -g - 4. Let s = -10 - 0. What is the units digit of u(s)?
6
Suppose 4*q + 5*w = 72, -q + 4*w + 2 = 5. Let t(y) = -2*y - 3. Let a be t(-5). Let p = q - a. What is the units digit of p?
6
Let p(d) = -2*d**3 - d**2 + 3*d + 2. Suppose 3*f + 1 = -5*g, -23 = -f - 4*f + 4*g. Let b = f + -5. What is the units digit of p(b)?
8
Let c = 4 - 6. What is the units digit of -2 + -1 - c - -3?
2
Let s(o) = -o**2 - 7*o - 4. Let l be s(-6). Suppose -31 = -l*v - 7. What is the tens digit of v?
1
Suppose q + 0*q - 3 = 0. Let p be (-2)/q + (-55)/(-15). Suppose -3*v = 5*a - 11, -p*v - 2*a = -v - 10. What is the units digit of v?
7
Let n(l) = -l**3 - 4*l**2 + 5*l + 3. Let j be n(-5). What is the units digit of (-5)/5 + (j - 0)?
2
Let a(d) = 11*d + 7. What is the tens digit of a(3)?
4
Let l(g) = 9 + 2*g - 3*g + 2*g. Let j be l(-8). Suppose 0 = -4*k - j + 53. What is the units digit of k?
3
What is the units digit of ((-6)/(-8))/(2/24)?
9
Let n(w) = w**3 - 5*w**2 - 11*w + 4. Let x(q) = 2*q**3 - 10*q**2 - 23*q + 8. Let a(i) = -7*n(i) + 3*x(i). What is the units digit of a(6)?
8
Let t(g) = 4*g. Let y be 1*(1 - (0 + -1)). Let f be t(y). Suppose f = 3*i - 4. What is the units digit of i?
4
Let f(x) = -7*x - 2. Let i be f(4). What is the tens digit of (-762)/i - 4/10?
2
Let l(r) = 3*r**2 - 2*r - 1. Let o be l(-4). Suppose v + 4*v = -2*i + 20, 5*i = 5*v - o. What is the units digit of v?
6
Let i(b) = 247*b**3 + b**2 - 2*b + 1. What is the tens digit of i(1)?
4
Let w(h) = -5 + 1 + 26*h**2 - 3*h + h**3 - 15*h**2. What is the tens digit of w(-11)?
2
Suppose k + 2*s - 25 = -2, 154 = 5*k - 3*s. What is the units digit of k?
9
What is the tens digit of -4*4/8*173/(-2)?
7
What is the units digit of 2*1/4 + (-17)/(-2)?
9
Let y(i) be the first derivative of i**3/3 + i**2 + 4*i + 7. Suppose -3*c + 3*p - 9 = 0, 4 = c - 3*p + 5. What is the units digit of y(c)?
2
Suppose -4*q - 236 = -4*y, -y + 33 = -3*q - 34. What is the units digit of y?
5
What is the units digit of (-295)/(-6) - 3/18?
9
Let u(a) = -a**3 + 5*a**2 + 7*a - 3. Let s be ((-2)/4)/((-2)/24). Let o be u(s). Suppose 30 = o*z - 12. What is the units digit of z?
4
Let n be -3 + (-10)/(4/(-2)). Let u = n - -5. What is the units digit of u?
7
Let v = 11 - 12. Let j(m) = -13*m**3 + 2*m**2 + 2*m + 1. What is the units digit of j(v)?
4
Let n(p) = p**3 - 2*p**2 - 2*p + 2. Let u be n(2). Let l be u/7 - (-54)/(-7). Let i = l + 15. What is the units digit of i?
7
Let w(h) = 3*h**2 - 9. Let b(d) = 3*d**2 - 8. Let x(g) = 7*b(g) - 6*w(g). What is the units digit of x(-3)?
5
Let g(i) = 6*i - 6. What is the tens digit of g(6)?
3
Let d(l) = 2*l**2 - 4*l - 5. What is the units digit of d(5)?
5
Suppose 0 = 2*v - 0*v - 4*c - 14, -2*c = -2*v + 8. Let s(g) = 18*g**2 - g. What is the tens digit of s(v)?
1
Let w = 54 + -31. What is the tens digit of w?
2
Suppose 2*y = y. Suppose y = 3*f - f - 96. What is the tens digit of f?
4
Suppose 6*d = 3*d + 9. Suppose -2*g + 12 = g. Suppose 2*c = d*c - g. What is the units digit of c?
4
Let l(x) = x**3 - 5*x**2 - x + 5. Let h be l(5). Let c = h - -2. What is the units digit of c?
2
Let i(h) = -h + 11. What is the units digit of i(-11)?
2
Suppose 5*k - 55 = -4*v + 2*k, 5*k = -5*v + 65. Let b = 3 + v. Suppose -5*g = -69 + b. What is the tens digit of g?
1
Suppose -3*z + z - 6 = 0, 0 = -4*s - 4*z + 124. What is the tens digit of s?
3
Let f(y) = y**3 - 3*y**2 + y. Let t be f(4). Suppose -3*r + t = -4. Suppose -3*s + s + r = 0. What is the units digit of s?
4
Let q be (24/(-20))/(2/5). Let m(h) = -5*h. What is the tens digit of m(q)?
1
Suppose 3*d + 2*d = 35. What is the units digit of d?
7
Let c be 22 + (2 - 1 - 2). Let d(r) = r + 12. Let t be d(-6). What is the units digit of ((-4)/t)/((-2)/c)?
7
Let b = 58 - 40. What is the tens digit of b?
1
Suppose -7 = 5*u + 8, 5*m - 3*u + 131 = 0. Let p = 48 + m. What is the units digit of p?
0
Let p(v) = v**3 + 5*v**2 - 3*v + 2. Let m be p(-6). What is the units digit of (216/m)/((-6)/8)?
8
Suppose 5*o - 2*o - 315 = 0. What is the tens digit of o?
0
Let a = 2 - -1. Suppose -4*t - 25 = a*b, 0*b + 18 = -3*t - 3*b. Let r(l) = -l**3 - 8*l**2 - 7*l + 2. What is the units digit of r(t)?
2
Let m(r) = r**2 - r - 8. Let j be m(4). Suppose 40 = q + j*q. What is the units digit of q?
8
Let x be 4/12 - 56/6. Let m be ((-1)/(-3))/((-1)/x). What is the units digit of m/(0 - (-1)/2)?
6
Let y be (-3)/12 + 11/(-4). Let z = -1 - -1. Let t = z - y. What is the units digit of t?
3
Suppose -45 = -4*d + h, -2*h + 3*h + 55 = 5*d. Let b = d - -33. Suppose -j = j + 3*n - b, -n = 5*j - 75. What is the units digit of j?
4
Let z(d) = 48*d**3 - 2*d**2 + 1. What is the units digit of z(1)?
7
Let y be (-7 - -7) + 3/1. Suppose -1 = o + 4*v, 5*v - 67 